m is divided by 29.
27
Let d = 13 - -208. Calculate the remainder when d is divided by 16.
13
Suppose -87*r - 9*r = -26*r - 14560. What is the remainder when 610 is divided by r?
194
Let p = -31 + 41. Suppose -7*r + p*r = -6. What is the remainder when 28 is divided by 8 - -2 - r/(-8)*0?
8
Suppose 0 = 2*d - 3*o - 18, -2*d - 5*o + 50 = -0*o. Let f = -4863 + 5144. Calculate the remainder when f is divided by d.
11
Let y(s) = -s + 5. Let p(j) = -20*j + 86. Let h be p(16). Calculate the remainder when y(0) is divided by (-16)/(-18)*13/(h/(-81)).
1
Let z be (2/(-6))/(29/174). Calculate the remainder when (-4)/14 - (158/(-14) - -1) is divided by (-8)/(z/(-1)) - (2 + -9).
1
Calculate the remainder when 636 is divided by (-120)/(-68)*(-612)/(-27).
36
What is the remainder when (-2)/8*(7 + (8 - 27)) + 465 is divided by 5?
3
Let f(w) be the third derivative of 7*w**5/20 + 23*w**4/24 - 55*w**3/3 + 2*w**2 + 171. What is the remainder when f(4) is divided by 32?
30
Let q = 88 + -84. Suppose 0 = q*f - 4, 4*x - f - 47 = -0*f. Suppose 5*g + 2*y = 4*y + 14, -g - 2*y + 10 = 0. Calculate the remainder when x is divided by g.
0
Suppose -n + 2*i + 17 = 4*i, -2*n = -5*i - 61. Suppose -2*z - 27*t + 42 = -n*t, -84 = -4*z + 5*t. What is the remainder when 2/9 - 1614/(-27) is divided by z?
18
What is the remainder when ((-247)/(-5))/(21*27/2835) is divided by 78?
13
Suppose 87*o - 3266 = 2041 - 957. What is the remainder when 7147 is divided by o?
47
Suppose -380 = 147*x - 142*x. Calculate the remainder when x/(-10) - (1 + (-2)/5) is divided by 5.
2
Let b = 39 + -42. Let y = -5 - -16. Calculate the remainder when b*5/10*-26 is divided by y.
6
Suppose 340*k = 375*k - 60340. Calculate the remainder when k is divided by 18.
14
Let n(r) = -r**3 - 7*r**2 - 6*r + 6. Let j be n(-5). Calculate the remainder when 10083*(-2)/(-114) - j/133 is divided by 14.
9
Let i(d) = -22*d - 121. Let b(t) = -2*t + 1. Let l(z) = -5*b(z) + i(z). Calculate the remainder when l(-11) is divided by 2.
0
Suppose -7128*w + 7133*w + 13 = 108. Let r(a) = -a**3 + 6*a**2 + 7*a. Calculate the remainder when r(-5) is divided by w.
12
Suppose 0 = 5*o + 5*h - 70 - 400, 2*h = o - 97. Let f(p) = 4*p**2 - p - 2. What is the remainder when o is divided by f(-2)?
15
Calculate the remainder when 3827 is divided by (-667)/(-23)*15/15.
28
Suppose 0 = -5*u - 2*o + 6*o + 28749, -5*u + 28753 = -3*o. Suppose -12*j = -u - 571. Calculate the remainder when j is divided by 48.
47
Calculate the remainder when 7 + (-35 - -74)/((-4)/(136/(-6))) is divided by 89.
50
Let t(h) = 4*h - 21. Let y(w) be the first derivative of 2*w**2 - 21*w + 9. Let d(i) = -6*t(i) + 5*y(i). What is the remainder when d(0) is divided by 5?
1
Let x be 18/3 - 4/1. Suppose 0 = -4*k + 4, 5*f + 4*k - 3*k - 531 = 0. Suppose -2*w - x*i = -f, -4*i - 7 = -19. Calculate the remainder when w is divided by 13.
11
Let t(r) = 687*r + 6456. Calculate the remainder when t(-5) is divided by 204.
165
What is the remainder when 11019 is divided by 44/66 - 128/(-6)?
19
Let u(g) = g**2 - 13*g + 33. Let r be u(10). Suppose -r*b + 6*b + 5*p = 63, b = 5*p + 1. Calculate the remainder when 23 is divided by b.
7
Suppose 0 = -2*o - 5*m - 8 + 62, -2*m + 124 = 4*o. Let l be (-60 + 63)/((-3)/(-2)). Suppose 0 = l*k + 15*k - 1020. What is the remainder when k is divided by o?
28
Let k = 15060 + -1201. What is the remainder when k is divided by 28?
27
Let n(i) = 4*i**2 + 9*i - 5. Let m be n(-3). Suppose -g - 176 = -6*g + 3*y, -g = m*y - 49. Calculate the remainder when g is divided by 28.
9
Suppose 457*s - 45*s - 31524 = -14*s. Let o = 51 - 25. What is the remainder when s is divided by o?
22
Let k = 77 + -92. Let g be (k/30)/((-6)/(-4) - 1). Calculate the remainder when 28 is divided by g*(5 + -4) + (0 - -11).
8
Suppose 5*f = -3*z - 43, z - 31 = 4*f - 0. Let p(c) = -c**2 - 10*c - 2. Let b be p(f). Let o = b + -5. Calculate the remainder when 44 is divided by o.
8
Suppose 0 = 3*s + 3*s - 22926. What is the remainder when s is divided by 98?
97
Suppose z + 2*z - 48 = -3*f, -4*f - 13 = -3*z. What is the remainder when ((-1596)/(-147))/((-2)/(-7)) is divided by z?
5
Let j = -300 + 304. Calculate the remainder when 39 is divided by j.
3
Let k(i) be the third derivative of i**4/3 - i**3/6 + i**2. What is the remainder when 4/(-25) + 66880/2375 is divided by k(2)?
13
Let a(j) = -j**3 - 2*j**2 + 2*j + 2. Suppose 853 = 31*n + 16. Calculate the remainder when a(-5) is divided by n.
13
Let k(l) = 3*l**2 + l - 7. Let u = -196465 - -196588. Calculate the remainder when u is divided by k(-5).
60
Let r = 18 - 16. Suppose -r*q + 6*d + 396 = 2*d, -q - 4*d = -198. Let l = q - 63. Calculate the remainder when l is divided by 34.
33
Let o be -3 + 8/(24/45). Suppose 502 = o*b - 1238. Calculate the remainder when b is divided by 51.
43
Let g be (-1)/(-2 + 20/12). Let u = g + 13. Let m(v) = 30*v**2 + 5*v - 5. Calculate the remainder when m(2) is divided by u.
13
Let w be (-48)/72*(-42)/(-4). What is the remainder when 159 is divided by w/((-56)/(-30))*-4?
9
Let u(w) = 129*w - 135*w - 5 + 1. What is the remainder when u(-10) is divided by 34?
22
Suppose 2*g + 7*x = 6*x - 19, -5*g = 4*x + 43. Suppose 0 = -4*l + 16, -2*u - 4*l = -33 - 137. Calculate the remainder when 124/g*-14 + 14/u is divided by 40.
38
Suppose 7*o - 1064 = 329. Suppose 3*b = o + 17. Suppose -6*n + 2*n + b = 0. Calculate the remainder when 53 is divided by n.
17
Calculate the remainder when 1/3 - (-19432)/42 is divided by (-3)/21 - 22385/(-385).
57
Suppose -3268 + 2162 - 40306 = -116*t. Calculate the remainder when 1084 is divided by t.
13
Let i = 2212 - 2068. What is the remainder when i is divided by 41?
21
Suppose 0 = 227*f - 50*f - 4425. Suppose 3*j = -2*b + 48 + 10, 5*b = -2*j + 145. Let k = b - -42. Calculate the remainder when k is divided by f.
21
Let q(k) = k**3 + 20*k**2 - k - 17. Let g be q(-20). Suppose -71 = -g*n + 25. What is the remainder when 125 is divided by n?
29
Let t = 1026 - 994. Suppose 6*r - 9*r - 36 = 0. What is the remainder when r*(56/(-6) + -1) is divided by t?
28
Suppose -7*g = 5*d - 996, -2*d - g = -642 + 231. What is the remainder when 20478 is divided by d?
205
Suppose 52 = 4*b + 488. Let q = 114 + b. Suppose 5*l - 56 = -21. Calculate the remainder when l is divided by q.
2
Let c(d) be the first derivative of 7*d**3/6 - 3*d + 10. Let v(s) be the first derivative of c(s). Calculate the remainder when 55 is divided by v(4).
27
Suppose -5686 = -5*b - 36*b + 1202. Calculate the remainder when b is divided by 43.
39
Let q(g) = 22*g - 126. Suppose 10*u + 35 = 15*u. Calculate the remainder when 129 is divided by q(u).
17
Suppose 33*l - 34*l - 193 = -4*o, 0 = 2*l + 5*o + 386. Let k = l + 220. What is the remainder when k is divided by ((-28)/6)/((-4)/6)?
6
Let w = -36 - -68. Let c be (45/12)/(12/w). What is the remainder when 30 is divided by c/60 - (-95)/6?
14
Let t(x) = -x**3 + 6*x**2 + x + 8. Let k be t(4). Let u = k + 19. Calculate the remainder when u is divided by (1 + -6 - -5) + (16 - 3).
11
Let v be (0/1)/(-1 + 6 + -7). Suppose 3*h - 15 = -v. What is the remainder when 37 is divided by (8 - h)*26/6?
11
Let t = 21300 - 1417. What is the remainder when t is divided by 122?
119
Let h be (-16 - (0 - -3)) + -1. Calculate the remainder when 43 is divided by (-10)/12*16/h*24.
11
Let n = 58 + -59. Let m be (0 + n)*-40 + 13 + -10. Suppose m = 9*p - 11. Calculate the remainder when 13 is divided by p.
1
Let x = 10467 + -10418. What is the remainder when 848 is divided by x?
15
Calculate the remainder when 784 is divided by ((-21)/(-2))/(-14 - (-6 + (-1595)/198)).
28
Let z(m) = -10*m - 38. Let s be z(-4). Suppose -3*u - 5*n = -12, 0 = s*u - 3*u - 3*n. What is the remainder when 35 is divided by u?
8
What is the remainder when 75 is divided by (2 + 4 + 2)/((52/8)/13)?
11
Calculate the remainder when -5 - 790/(-20)*2 is divided by 14.
4
Suppose 6 = 2*s + 5*h, -12 = -4*s - 0*s - 4*h. Suppose 0 = -5*c - 4*m + 145, 4*m - 87 = -s*c + 8*m. What is the remainder when 96 is divided by c?
9
Let o(m) = 3*m**2 + 10*m + 1. Suppose -2*d - 2*r = -17 + 7, -5*d + 27 = 3*r. Calculate the remainder when o(-7) is divided by d.
0
Let y = -307 - -309. What is the remainder when 48 is divided by (36/54)/(y/51)?
14
Let x be 1045/25 + 6